{"id":57507,"date":"2026-03-30T13:48:08","date_gmt":"2026-03-30T11:48:08","guid":{"rendered":"https:\/\/louma-jobs.com\/cameroun\/?post_type=emplois&#038;p=57507"},"modified":"2026-03-30T13:48:10","modified_gmt":"2026-03-30T11:48:10","slug":"stages-subventionnes-pour-jeunes-diplomes","status":"publish","type":"emplois","link":"https:\/\/louma-jobs.com\/cameroun\/recrutements-emplois-stages\/2026\/stages-subventionnes-pour-jeunes-diplomes\/","title":{"rendered":"STAGES subventionn\u00e9s pour JEUNES DIPL\u00d4M\u00c9S"},"content":{"rendered":"\n<p>Etes-vous un(e) jeune dipl\u00f4m\u00e9(e) int\u00e9ress\u00e9(e) par les relations internationales? Etes-vous curieux(se) d&rsquo;en apprendre davantage sur le travail au sein d&rsquo;une mission diplomatique et de savoir comment une D\u00e9l\u00e9gation repr\u00e9sente les int\u00e9r\u00eats et les valeurs de l&rsquo;Union europ\u00e9enne au Cameroun?<\/p>\n\n\n\n<p>&nbsp;D\u00e9lai pour l&rsquo;envoi des candidatures : 08\/04\/2026<\/p>\n\n\n\n<p><strong>Nous offrons:<\/strong><\/p>\n\n\n\n<p>Un stage de maximum 6 mois en 2026, au sein de la section&nbsp; Politique, Presse et Information (PPI) La date de d\u00e9but provisoire serait dans le courant du mois de mai 2026&nbsp;<\/p>\n\n\n\n<p><strong>T\u00e2ches principales :&nbsp;<\/strong><\/p>\n\n\n\n<p>Assister le Chef de la Section politique, presse et information ;<br>Contribuer \u00e0 la r\u00e9daction de rapports, notes d&rsquo;analyses politiques et s\u00e9curitaires ;\u00a0<\/p>\n\n\n\n<p>Contribuer \u00e0 la pr\u00e9paration de la revue de presse et autres t\u00e2ches li\u00e9es aux m\u00e9dias et la &#8211; communication, ainsi qu\u2019\u00e0 la cr\u00e9ation de contenus pour nos r\u00e9seaux sociaux ;<br>Contribuer \u00e0 l&rsquo;organisation d&rsquo;\u00e9v\u00e8nements de la D\u00e9l\u00e9gation ainsi que les activit\u00e9s de coordination avec les Etats membres;<br>Apporter un appui pour tout autre activit\u00e9 de la D\u00e9l\u00e9gation de l&rsquo;UE lorsque cela est n\u00e9cessaire, sous la supervision du Chef de la Section politique.<\/p>\n\n\n\n<p><strong>Nous recherchons:<\/strong><\/p>\n\n\n\n<p><strong>Qualifications ou pr\u00e9requis sp\u00e9cifiques:<\/strong><\/p>\n\n\n\n<p>Compte tenu des conditions sanitaires et de s\u00e9curit\u00e9 locale, seuls les candidats r\u00e9sidant actuellement au [Cameroun] seront pris en compte.&nbsp;<\/p>\n\n\n\n<p>Des connaissances substantielles dans l&rsquo;un des domaines suivants : politique, juridique, relations internationales, voire sociologique ;<br>Partager les valeurs de l\u2019Union europ\u00e9enne ;<br>Attrait pour l&rsquo;analyse politique, une bonne connaissance des partis politiques et de la soci\u00e9t\u00e9 civile ;<br>Excellentes capacit\u00e9s r\u00e9dactionnelles ;<br>Maitrise du Fran\u00e7ais et de l&rsquo;Anglais, \u00e0 l&rsquo;oral comme \u00e0 l&rsquo;\u00e9crit. La connaissance de l&rsquo;Espagnol en plus des deux autres langues cit\u00e9es est un atout ;<br>Connaissance et familiarisation avec les r\u00e9seaux sociaux ;<\/p>\n\n\n\n<p>Capacit\u00e9 de cr\u00e9er des contenus ou de faire du montage de vid\u00e9os sur smartphone serait un atout.<\/p>\n\n\n\n<p>Comment postuler?<\/p>\n\n\n\n<p>Veuillez envoyer votre candidature \u00e0 l\u2019adresse suivante: DELEGATION-CAMEROON-PRESS@eeas.europa.eu l avec tous les documents justificatifs requis:<\/p>\n\n\n\n<p>Un curriculum vitae standard Europass (CV) https:\/\/europass.cedefop.europa.eu\/ (les CVs dans d\u2019autres formats ne seront pas consid\u00e9r\u00e9s)<br>Une lettre de motivation expliquant pourquoi vous voulez participer \u00e0 un stage dans une d\u00e9l\u00e9gation de l\u2019UE.<br>Et un formulaire de candidature (voir PJ en dessous de la page)<br>Veuillez ajouter en sujet de votre courriel : Stage subventionn\u00e9 \u2013 Nom &#8211; pr\u00e9nom \/ PPI .<\/p>\n\n\n\n<p>Informations importantes \u00e0 lire avant de postuler<br>Avant de postuler veuillez examiner le site d\u00e9di\u00e9 ainsi que les crit\u00e8res g\u00e9n\u00e9raux d&rsquo;\u00e9ligibilit\u00e9 pour un stage subventionn\u00e9 (Article 8 de la D\u00e9cision ADMIN(2017)28 \u2013 Stage r\u00e9mun\u00e9r\u00e9)<\/p>\n\n\n\n<p>Chaque stagiaire s\u00e9lectionn\u00e9(e) recevra une subvention mensuelle destin\u00e9e \u00e0 couvrir ses frais de subsistance. Tous les co\u00fbts li\u00e9s aux voyages, \u00e0 l&rsquo;obtention du visa, aux assurances et au logement seront \u00e0 la charge du (de la) stagiaire.<\/p>\n\n\n\n<p>Les demandes des candidat(e)s in\u00e9ligibles ne seront pas consid\u00e9r\u00e9es. Apr\u00e8s l&rsquo;\u00e9valuation de toutes les demandes, les candidat(e)s pr\u00e9s\u00e9lectionn\u00e9(e)s seront contact\u00e9(e)s et invit\u00e9(e)s \u00e0 un entretien. Les candidat(e)s non s\u00e9lectionn\u00e9s seront inform\u00e9(e)s par e-mail. Si le\/la candidat(e) s\u00e9lectionn\u00e9(e) ne peut pas fournir les documents requis, sa candidature sera rejet\u00e9e.<\/p>\n\n\n\n<p>Le stage ne peut \u00eatre offert qu\u2019en respect de la l\u00e9gislation locale, ainsi que la l\u00e9gislation du pays d\u2019origine.&nbsp;<\/p>\n\n\n\n<p>Citoyens des \u00c9tats membres de l&rsquo;UE :<\/p>\n\n\n\n<p>doivent fournir la preuve qu&rsquo;ils seront couverts contre le risque de pand\u00e9mie et les frais de rapatriement ;<\/p>\n\n\n\n<p>doivent avoir un visa d&rsquo;entr\u00e9e et\/ou une autorisation de s\u00e9jour temporaire, le cas \u00e9ch\u00e9ant, sur la base de la convention de stage, de la dur\u00e9e du stage et dans le respect de la l\u00e9gislation locale.<\/p>\n\n\n\n<p>T\u00e9l\u00e9charger le Formulaire de candidature :&nbsp;<a href=\"https:\/\/www.eeas.europa.eu\/sites\/default\/files\/2026\/documents\/Cameroun_Formulaire%20de%20candidature%20pour%20stage%20subventionn%C3%A9%202026.docx\" target=\"_blank\" rel=\"noreferrer noopener\">Cameroun_Formulaire de candidature pour stage subventionn\u00e9 2026.docx<\/a><\/p>\n","protected":false},"excerpt":{"rendered":"<p>Postulez via Cameroun_Formulaire de candidature pour stage subventionn\u00e9 2026.docx<\/p>\n","protected":false},"author":8,"comment_status":"open","ping_status":"closed","template":"","categories":[3009],"tags":[],"villes":[2714],"contrats":[152],"diplomes":[212,159],"_links":{"self":[{"href":"https:\/\/louma-jobs.com\/cameroun\/wp-json\/wp\/v2\/emplois\/57507"}],"collection":[{"href":"https:\/\/louma-jobs.com\/cameroun\/wp-json\/wp\/v2\/emplois"}],"about":[{"href":"https:\/\/louma-jobs.com\/cameroun\/wp-json\/wp\/v2\/types\/emplois"}],"author":[{"embeddable":true,"href":"https:\/\/louma-jobs.com\/cameroun\/wp-json\/wp\/v2\/users\/8"}],"replies":[{"embeddable":true,"href":"https:\/\/louma-jobs.com\/cameroun\/wp-json\/wp\/v2\/comments?post=57507"}],"version-history":[{"count":1,"href":"https:\/\/louma-jobs.com\/cameroun\/wp-json\/wp\/v2\/emplois\/57507\/revisions"}],"predecessor-version":[{"id":57508,"href":"https:\/\/louma-jobs.com\/cameroun\/wp-json\/wp\/v2\/emplois\/57507\/revisions\/57508"}],"wp:featuredmedia":[{"embeddable":true,"href":"https:\/\/louma-jobs.com\/cameroun\/wp-json\/wp\/v2\/media\/44924"}],"wp:attachment":[{"href":"https:\/\/louma-jobs.com\/cameroun\/wp-json\/wp\/v2\/media?parent=57507"}],"wp:term":[{"taxonomy":"category","embeddable":true,"href":"https:\/\/louma-jobs.com\/cameroun\/wp-json\/wp\/v2\/categories?post=57507"},{"taxonomy":"post_tag","embeddable":true,"href":"https:\/\/louma-jobs.com\/cameroun\/wp-json\/wp\/v2\/tags?post=57507"},{"taxonomy":"villes","embeddable":true,"href":"https:\/\/louma-jobs.com\/cameroun\/wp-json\/wp\/v2\/villes?post=57507"},{"taxonomy":"contrats","embeddable":true,"href":"https:\/\/louma-jobs.com\/cameroun\/wp-json\/wp\/v2\/contrats?post=57507"},{"taxonomy":"diplomes","embeddable":true,"href":"https:\/\/louma-jobs.com\/cameroun\/wp-json\/wp\/v2\/diplomes?post=57507"}],"curies":[{"name":"wp","href":"https:\/\/api.w.org\/{rel}","templated":true}]}}

STAGES subventionnés pour JEUNES DIPLÔMÉS

<p>Etes-vous un(e) jeune diplômé(e) intéressé(e) par les relations internationales? Etes-vous curieux(se) d&rsquo;en apprendre davantage sur le travail au sein d&rsquo;une mission diplomatique et de savoir comment une Délégation représente les intérêts et les valeurs de l&rsquo;Union européenne au Cameroun?</p>



<p>&nbsp;Délai pour l&rsquo;envoi des candidatures : 08/04/2026</p>



<p><strong>Nous offrons:</strong></p>



<p>Un stage de maximum 6 mois en 2026, au sein de la section&nbsp; Politique, Presse et Information (PPI) La date de début provisoire serait dans le courant du mois de mai 2026&nbsp;</p>



<p><strong>Tâches principales :&nbsp;</strong></p>



<p>Assister le Chef de la Section politique, presse et information ;<br>Contribuer à la rédaction de rapports, notes d&rsquo;analyses politiques et sécuritaires ; </p>



<p>Contribuer à la préparation de la revue de presse et autres tâches liées aux médias et la &#8211; communication, ainsi qu’à la création de contenus pour nos réseaux sociaux ;<br>Contribuer à l&rsquo;organisation d&rsquo;évènements de la Délégation ainsi que les activités de coordination avec les Etats membres;<br>Apporter un appui pour tout autre activité de la Délégation de l&rsquo;UE lorsque cela est nécessaire, sous la supervision du Chef de la Section politique.</p>



<p><strong>Nous recherchons:</strong></p>



<p><strong>Qualifications ou prérequis spécifiques:</strong></p>



<p>Compte tenu des conditions sanitaires et de sécurité locale, seuls les candidats résidant actuellement au [Cameroun] seront pris en compte.&nbsp;</p>



<p>Des connaissances substantielles dans l&rsquo;un des domaines suivants : politique, juridique, relations internationales, voire sociologique ;<br>Partager les valeurs de l’Union européenne ;<br>Attrait pour l&rsquo;analyse politique, une bonne connaissance des partis politiques et de la société civile ;<br>Excellentes capacités rédactionnelles ;<br>Maitrise du Français et de l&rsquo;Anglais, à l&rsquo;oral comme à l&rsquo;écrit. La connaissance de l&rsquo;Espagnol en plus des deux autres langues citées est un atout ;<br>Connaissance et familiarisation avec les réseaux sociaux ;</p>



<p>Capacité de créer des contenus ou de faire du montage de vidéos sur smartphone serait un atout.</p>



<p>Comment postuler?</p>



<p>Veuillez envoyer votre candidature à l’adresse suivante: DELEGATION-CAMEROON-PRESS@eeas.europa.eu l avec tous les documents justificatifs requis:</p>



<p>Un curriculum vitae standard Europass (CV) https://europass.cedefop.europa.eu/ (les CVs dans d’autres formats ne seront pas considérés)<br>Une lettre de motivation expliquant pourquoi vous voulez participer à un stage dans une délégation de l’UE.<br>Et un formulaire de candidature (voir PJ en dessous de la page)<br>Veuillez ajouter en sujet de votre courriel : Stage subventionné – Nom &#8211; prénom / PPI .</p>



<p>Informations importantes à lire avant de postuler<br>Avant de postuler veuillez examiner le site dédié ainsi que les critères généraux d&rsquo;éligibilité pour un stage subventionné (Article 8 de la Décision ADMIN(2017)28 – Stage rémunéré)</p>



<p>Chaque stagiaire sélectionné(e) recevra une subvention mensuelle destinée à couvrir ses frais de subsistance. Tous les coûts liés aux voyages, à l&rsquo;obtention du visa, aux assurances et au logement seront à la charge du (de la) stagiaire.</p>



<p>Les demandes des candidat(e)s inéligibles ne seront pas considérées. Après l&rsquo;évaluation de toutes les demandes, les candidat(e)s présélectionné(e)s seront contacté(e)s et invité(e)s à un entretien. Les candidat(e)s non sélectionnés seront informé(e)s par e-mail. Si le/la candidat(e) sélectionné(e) ne peut pas fournir les documents requis, sa candidature sera rejetée.</p>



<p>Le stage ne peut être offert qu’en respect de la législation locale, ainsi que la législation du pays d’origine.&nbsp;</p>



<p>Citoyens des États membres de l&rsquo;UE :</p>



<p>doivent fournir la preuve qu&rsquo;ils seront couverts contre le risque de pandémie et les frais de rapatriement ;</p>



<p>doivent avoir un visa d&rsquo;entrée et/ou une autorisation de séjour temporaire, le cas échéant, sur la base de la convention de stage, de la durée du stage et dans le respect de la législation locale.</p>



<p>Télécharger le Formulaire de candidature :&nbsp;<a href="https://www.eeas.europa.eu/sites/default/files/2026/documents/Cameroun_Formulaire%20de%20candidature%20pour%20stage%20subventionn%C3%A9%202026.docx" target="_blank" rel="noreferrer noopener">Cameroun_Formulaire de candidature pour stage subventionné 2026.docx</a></p>

<p>Postulez via Cameroun_Formulaire de candidature pour stage subventionné 2026.docx</p>
